{"id":24,"date":"2018-09-10T17:57:07","date_gmt":"2018-09-10T15:57:07","guid":{"rendered":"http:\/\/engoguette.com\/?page_id=24"},"modified":"2019-10-08T16:03:24","modified_gmt":"2019-10-08T14:03:24","slug":"contact","status":"publish","type":"page","link":"https:\/\/engoguette.com\/index.php\/contact\/","title":{"rendered":"Contact"},"content":{"rendered":"<p style=\"text-align: justify;\"><img loading=\"lazy\" class=\"aligncenter wp-image-1101 size-full\" src=\"http:\/\/engoguette.com\/wp-content\/uploads\/2019\/10\/bichons-e1570542611788.jpg\" alt=\"\" width=\"600\" height=\"450\" \/><\/p>\n<p>&nbsp;<\/p>\n<p style=\"text-align: justify;\">Nous sommes Alexis et Laura. Couple parisien, nous avons pris le large le 19 F\u00e9vrier 2019, direction l&#8217;Asie, pour une ann\u00e9e.<\/p>\n<p style=\"text-align: justify;\">Apr\u00e8s un d\u00e9but en Inde qui f\u00fbt pour le moins d\u00e9paysant et d\u00e9routant, nous avons rejoint le N\u00e9pal par la fronti\u00e8re ouest du pays. Un grand r\u00eave s&#8217;est r\u00e9alis\u00e9 ! Apr\u00e8s avoir d\u00e9couvert la cha\u00eene des Annapurnas, nous avons atteint le summum du spectaculaire dans le sublime parc national de Sagarmatha (r\u00e9gion de l&#8217;Everest), o\u00f9 nous avons march\u00e9 pendant 34 jours au milieu des g\u00e9ants.<\/p>\n<p style=\"text-align: justify;\">La Malaisie, puis l&#8217;Indon\u00e9sie ont compl\u00e8tement chamboul\u00e9 la diversit\u00e9 des paysages pr\u00e9c\u00e9dents, et nous avons perdu quelque peu en \u00e9motions. C&#8217;est avec le Vietnam que nous retrouvons les \u00e9toiles dans les yeux. S&#8217;ensuit la d\u00e9couverte du Laos, du Cambodge, puis la Tha\u00eflande o\u00f9 nous repartirons probablement les larmes aux yeux vers notre ch\u00e8re France&#8230; que nous d\u00e9gusterons avec grand app\u00e9tit (marre du riz !).<\/p>\n","protected":false},"excerpt":{"rendered":"<p>&nbsp; Nous sommes Alexis et Laura. Couple parisien, nous avons pris le large le 19 F\u00e9vrier 2019, direction l&#8217;Asie, pour une ann\u00e9e. Apr\u00e8s un d\u00e9but en Inde qui f\u00fbt pour le moins d\u00e9paysant et d\u00e9routant, nous avons rejoint le N\u00e9pal par la fronti\u00e8re ouest du pays. Un grand r\u00eave s&#8217;est r\u00e9alis\u00e9 ! Apr\u00e8s avoir d\u00e9couvert [&hellip;]<\/p>\n","protected":false},"author":1,"featured_media":0,"parent":0,"menu_order":0,"comment_status":"closed","ping_status":"closed","template":"","meta":[],"_links":{"self":[{"href":"https:\/\/engoguette.com\/index.php\/wp-json\/wp\/v2\/pages\/24"}],"collection":[{"href":"https:\/\/engoguette.com\/index.php\/wp-json\/wp\/v2\/pages"}],"about":[{"href":"https:\/\/engoguette.com\/index.php\/wp-json\/wp\/v2\/types\/page"}],"author":[{"embeddable":true,"href":"https:\/\/engoguette.com\/index.php\/wp-json\/wp\/v2\/users\/1"}],"replies":[{"embeddable":true,"href":"https:\/\/engoguette.com\/index.php\/wp-json\/wp\/v2\/comments?post=24"}],"version-history":[{"count":5,"href":"https:\/\/engoguette.com\/index.php\/wp-json\/wp\/v2\/pages\/24\/revisions"}],"predecessor-version":[{"id":1103,"href":"https:\/\/engoguette.com\/index.php\/wp-json\/wp\/v2\/pages\/24\/revisions\/1103"}],"wp:attachment":[{"href":"https:\/\/engoguette.com\/index.php\/wp-json\/wp\/v2\/media?parent=24"}],"curies":[{"name":"wp","href":"https:\/\/api.w.org\/{rel}","templated":true}]}}